{"id":330,"date":"2022-10-24T03:32:40","date_gmt":"2022-10-24T03:32:40","guid":{"rendered":"https:\/\/marcaymercado.info\/websites\/EMSELEC\/?page_id=330"},"modified":"2024-03-28T19:26:41","modified_gmt":"2024-03-28T19:26:41","slug":"redes-fibraoptica","status":"publish","type":"page","link":"https:\/\/marcaymercado.info\/websites\/EMSELEC\/servicios\/redes-fibraoptica\/","title":{"rendered":"Redes \/ Fibra \u00d3ptica"},"content":{"rendered":"<p>[vc_row][vc_column]<div class=\"porto-u-heading  wpb_custom_95aa9a11c17ad45cfabaf210d84ee7cc\" data-hspacer=\"line_only\" data-halign=\"left\" style=\"text-align:left\"><div class=\"porto-u-main-heading\"><h2  >Redes \/ Fibra \u00d3ptica<\/h2><\/div><div class=\"porto-u-heading-spacer line_only\" style=\"height:1px;\"><span class=\"porto-u-headings-line\" style=\"border-style:solid;border-bottom-width:1px;border-color:#ccc;width:50px;margin-left: 0\"><\/span><\/div><\/div>[\/vc_column][\/vc_row][vc_row][vc_column][vc_row_inner el_class=\u00bbm-t-xl\u00bb][vc_column_inner width=\u00bb1\/3&#8243;][vc_single_image image=\u00bb584&#8243; img_size=\u00bbfull\u00bb onclick=\u00bblink_image\u00bb el_class=\u00bbm-b-sm\u00bb][\/vc_column_inner][vc_column_inner width=\u00bb2\/3&#8243;][vc_custom_heading text=\u00bbDise\u00f1o, implementaci\u00f3n, instalaci\u00f3n y mantenimiento de Redes en Cableado estructurado.\u00bb font_container=\u00bbtag:h4|text_align:left\u00bb use_theme_fonts=\u00bbyes\u00bb skin=\u00bbprimary\u00bb enable_link_dynamic=\u00bbtrue\u00bb el_class=\u00bbfont-weight-semibold m-b-xs\u00bb][vc_column_text]Nuestro equipo especializado ofrece servicios completos de dise\u00f1o, implementaci\u00f3n, instalaci\u00f3n y mantenimiento de redes en cableado estructurado. Ya sea para entornos residenciales, comerciales o industriales, garantizamos soluciones eficientes y confiables para tus necesidades de conectividad.[\/vc_column_text][vc_btn title=\u00bbVer m\u00e1s\u00bb color=\u00bbblack\u00bb link=\u00bburl:https%3A%2F%2Fmarcaymercado.info%2Fwebsites%2FEMSELEC%2Fservicios%2Fredes-fibraoptica%2Fdiseno-implementacion-instalacion-y-mantenimiento-de-redes-en-cableado-estructurado-2%2F|title:Dise%C3%B1o%2C%20implementaci%C3%B3n%2C%20instalaci%C3%B3n%20y%20mantenimiento%20de%20Redes%20en%20Cableado%20estructurado\u00bb][\/vc_column_inner][\/vc_row_inner][vc_row_inner el_class=\u00bbm-t-xl\u00bb][vc_column_inner width=\u00bb1\/3&#8243;][vc_single_image image=\u00bb587&#8243; img_size=\u00bbfull\u00bb onclick=\u00bblink_image\u00bb el_class=\u00bbm-b-sm\u00bb][\/vc_column_inner][vc_column_inner width=\u00bb2\/3&#8243;][vc_custom_heading text=\u00bbDise\u00f1o e implementaci\u00f3n de redes de voz y datos.\u00bb font_container=\u00bbtag:h4|text_align:left\u00bb use_theme_fonts=\u00bbyes\u00bb skin=\u00bbprimary\u00bb enable_link_dynamic=\u00bbtrue\u00bb el_class=\u00bbfont-weight-semibold m-b-xs\u00bb][vc_column_text]\u00bfBuscas optimizar la comunicaci\u00f3n en tu entorno? Nosotros ofrecemos dise\u00f1o e implementaci\u00f3n de redes de voz y datos adaptadas a tus requerimientos espec\u00edficos.[\/vc_column_text][vc_btn title=\u00bbVer m\u00e1s\u00bb color=\u00bbblack\u00bb link=\u00bburl:https%3A%2F%2Fmarcaymercado.info%2Fwebsites%2FEMSELEC%2Fservicios%2Fredes-fibraoptica%2Fdiseno-e-implementacion-de-redes-de-voz-y-datos-2%2F|title:Dise%C3%B1o%20e%20implementaci%C3%B3n%20de%20redes%20de%20voz%20y%20datos\u00bb][\/vc_column_inner][\/vc_row_inner][vc_row_inner el_class=\u00bbm-t-xl m-b-xl\u00bb][vc_column_inner width=\u00bb1\/3&#8243;][vc_single_image image=\u00bb589&#8243; img_size=\u00bbmedium\u00bb onclick=\u00bblink_image\u00bb el_class=\u00bbm-b-sm\u00bb][\/vc_column_inner][vc_column_inner width=\u00bb2\/3&#8243;][vc_custom_heading text=\u00bbDise\u00f1o, implementaci\u00f3n y certificaci\u00f3n de redes estructuradas inal\u00e1mbricas de voz y datos.\u00bb font_container=\u00bbtag:h4|text_align:left\u00bb use_theme_fonts=\u00bbyes\u00bb skin=\u00bbprimary\u00bb enable_link_dynamic=\u00bbtrue\u00bb el_class=\u00bbfont-weight-semibold m-b-xs\u00bb][vc_column_text]Adel\u00e1ntate al futuro de la conectividad con nuestras soluciones de redes estructuradas inal\u00e1mbricas de voz y datos.[\/vc_column_text][vc_btn title=\u00bbVer m\u00e1s\u00bb color=\u00bbblack\u00bb link=\u00bburl:https%3A%2F%2Fmarcaymercado.info%2Fwebsites%2FEMSELEC%2Fservicios%2Fredes-fibraoptica%2Fdiseno-implementacion-y-certificacion-de-redes-estructuradas-inalambricas-de-voz-y-datos%2F|title:Dise%C3%B1o%2C%20implementaci%C3%B3n%20y%20certificaci%C3%B3n%20de%20redes%20estructuradas%20inal%C3%A1mbricas%20de%20voz%20y%20datos\u00bb][\/vc_column_inner][\/vc_row_inner][\/vc_column][\/vc_row]<\/p>\n","protected":false},"excerpt":{"rendered":"<p>[vc_row][vc_column][\/vc_column][\/vc_row][vc_row][vc_column][vc_row_inner el_class=\u00bbm-t-xl\u00bb][vc_column_inner width=\u00bb1\/3&#8243;][vc_single_image image=\u00bb584&#8243; img_size=\u00bbfull\u00bb onclick=\u00bblink_image\u00bb el_class=\u00bbm-b-sm\u00bb][\/vc_column_inner][vc_column_inner width=\u00bb2\/3&#8243;][vc_custom_heading text=\u00bbDise\u00f1o, implementaci\u00f3n, instalaci\u00f3n y mantenimiento de Redes en Cableado estructurado.\u00bb font_container=\u00bbtag:h4|text_align:left\u00bb use_theme_fonts=\u00bbyes\u00bb skin=\u00bbprimary\u00bb enable_link_dynamic=\u00bbtrue\u00bb el_class=\u00bbfont-weight-semibold m-b-xs\u00bb][vc_column_text]Nuestro equipo especializado ofrece servicios completos de dise\u00f1o, implementaci\u00f3n, instalaci\u00f3n y mantenimiento de redes en cableado estructurado. Ya sea para entornos residenciales, comerciales o industriales, garantizamos soluciones eficientes y confiables para tus [&hellip;]<\/p>\n","protected":false},"author":1,"featured_media":0,"parent":144,"menu_order":0,"comment_status":"closed","ping_status":"closed","template":"","meta":{"_joinchat":[],"footnotes":""},"class_list":["post-330","page","type-page","status-publish","hentry"],"_links":{"self":[{"href":"https:\/\/marcaymercado.info\/websites\/EMSELEC\/wp-json\/wp\/v2\/pages\/330","targetHints":{"allow":["GET"]}}],"collection":[{"href":"https:\/\/marcaymercado.info\/websites\/EMSELEC\/wp-json\/wp\/v2\/pages"}],"about":[{"href":"https:\/\/marcaymercado.info\/websites\/EMSELEC\/wp-json\/wp\/v2\/types\/page"}],"author":[{"embeddable":true,"href":"https:\/\/marcaymercado.info\/websites\/EMSELEC\/wp-json\/wp\/v2\/users\/1"}],"replies":[{"embeddable":true,"href":"https:\/\/marcaymercado.info\/websites\/EMSELEC\/wp-json\/wp\/v2\/comments?post=330"}],"version-history":[{"count":14,"href":"https:\/\/marcaymercado.info\/websites\/EMSELEC\/wp-json\/wp\/v2\/pages\/330\/revisions"}],"predecessor-version":[{"id":757,"href":"https:\/\/marcaymercado.info\/websites\/EMSELEC\/wp-json\/wp\/v2\/pages\/330\/revisions\/757"}],"up":[{"embeddable":true,"href":"https:\/\/marcaymercado.info\/websites\/EMSELEC\/wp-json\/wp\/v2\/pages\/144"}],"wp:attachment":[{"href":"https:\/\/marcaymercado.info\/websites\/EMSELEC\/wp-json\/wp\/v2\/media?parent=330"}],"curies":[{"name":"wp","href":"https:\/\/api.w.org\/{rel}","templated":true}]}}